t n be (-5 - j) + 0/(-2). Suppose 6*v = n*v + 320. What is the highest common factor of 16 and v?
16
Let i(u) = -u**3 - 4*u**2 + 5*u + 7. Let w be i(-5). Let n(l) = -l**3 - 9*l**2 - 8*l + 1. Let a be n(-8). What is the highest common divisor of a and w?
1
Let u(a) = a + 4. Let o be (-27)/12 - (-2)/8. Let r be u(o). Calculate the highest common divisor of 10 and r.
2
Suppose -10*l + 8*l + 18 = 0. Calculate the highest common factor of l and 81.
9
Suppose -w = -5*w. Suppose 3*n - 8 - 1 = w. Let y be 2*-21*(-4)/n. What is the highest common divisor of y and 8?
8
Let r = 7 + -2. Suppose 2*y - s - r = 16, -47 = -4*y + 3*s. Calculate the highest common factor of y and 2.
2
Let p = -1 - -3. Suppose 5*f - s - p*s - 54 = 0, 0 = -4*f - 2*s + 52. Calculate the greatest common factor of 108 and f.
12
Let u be (-1551)/(-5 + 2) + 3. Let z be u/4 - 0/(-1). What is the greatest common divisor of 52 and z?
26
Let o = 234 - 184. What is the highest common divisor of 20 and o?
10
Let d = 95 + 58. Let s(j) be the second derivative of j**5/20 + j**4/2 + 2*j**3/3 + j**2/2 - j. Let v be s(-4). Calculate the greatest common factor of d and v.
17
Let b(k) = k**3 - 2*k**2 - 3. Let y be b(3). Suppose 0 = 4*q - 27 - 33. Calculate the greatest common divisor of y and q.
3
Suppose -5*t + 3 = q, t + 9*q = 6*q - 5. Let j be 34/4 + (-2)/4. What is the highest common divisor of t and j?
1
Let i(d) = d**3 - 3*d + 3. Let w be i(1). What is the highest common divisor of 2 and w?
1
Suppose 13 = b + 5*y, -2*b - b = 4*y - 50. Suppose 22 + b = 2*z. Suppose 7*g - z = 2*g, 0 = -3*r - 4*g + 151. Calculate the greatest common divisor of 18 and r.
9
Let b(q) = 23*q - 9. Let m be b(3). What is the greatest common divisor of 6 and m?
6
Let a = -143 + 160. What is the highest common divisor of a and 34?
17
Let v be (-140 + 2)/(-3) + -3. Calculate the greatest common divisor of v and 129.
43
Suppose -4*q + 4 = 3*k + 2*k, -4*q + 4 = k. Suppose k = 4*r - 42 - 70. Suppose -35 = -3*z + r. Calculate the highest common divisor of 3 and z.
3
Let o be 4/60*-3 - (-402)/10. What is the highest common divisor of o and 16?
8
Let v(t) = -9*t + 3. Let c be v(-3). Calculate the greatest common factor of c and 20.
10
Suppose 2*o - 16 = 2*l, -o - l = 4 - 6. Let b(f) = f**2 - 7*f + 7. Let n be b(o). Let y be 20/18*n*-3. Calculate the highest common factor of y and 40.
10
Suppose -49 = -5*j + 11. Let k be 3/j + (-126)/(-8). Suppose -9 = -5*z + k. Calculate the highest common divisor of 1 and z.
1
Let g = 0 + 3. What is the greatest common divisor of 6 and g?
3
Let b be (-2)/(-10) + 8/10. Let f be 2 - (-1)/b - -2. Let w(c) = c**2 + 4*c. Let z be w(f). What is the highest common factor of 9 and z?
9
Suppose -6*y + 35 = y. Calculate the greatest common divisor of y and 35.
5
Let s = 102 + -74. What is the greatest common divisor of s and 28?
28
Let q be -4*1/(-4) - 1. Suppose 5*t - 5 = -q. What is the greatest common divisor of 8 and t?
1
Let r be 13 + -4 - (1 - -1). Let g = 4 - 3. Calculate the greatest common factor of g and r.
1
Let f(t) = -t**3 + t + 4. Let r be f(0). Suppose 2*s + 386 = 4*w, r*s - 304 = -5*w + 198. Calculate the greatest common divisor of 14 and w.
14
Let u = 0 + 4. Suppose l - 5*v - 17 = -v, -2*v - 4 = 0. Suppose 7 = -i + l. What is the highest common divisor of u and i?
2
Let c be (-5 - -7)/((-4)/18). Let j be 14/(-6) - 3/c. Let x be 2*(-14)/8*j. What is the highest common factor of 1 and x?
1
Let d(x) = 13*x + 4. Suppose 3*q = -4*c + 15 + 1, -c + 21 = 5*q. Let b be d(q). Calculate the highest common factor of b and 8.
8
Suppose -20 = -j - 4*j. Let i(l) = 2 + j*l - 5*l + l**2 - 5*l + 0*l**2. Let m be i(6). What is the greatest common divisor of m and 18?
2
Let q = 16 - -20. Calculate the greatest common divisor of 9 and q.
9
Let h be -303 - (-3 + 0 + 2). Let k = -170 - h. What is the greatest common divisor of k and 12?
12
Let t = -12 + 144. Let f be (0 - 2) + 1 + 13. What is the greatest common divisor of f and t?
12
Let g = -24 - -52. What is the greatest common factor of 70 and g?
14
Let f = -13 + 25. Suppose 2*n + q + 26 = 6*n, 2*n - 5*q - 4 = 0. Let y = -4 + n. Calculate the greatest common factor of y and f.
3
Let k be 6*8/(1/1*3). Calculate the highest common factor of k and 20.
4
Let q be (-2)/7 - 486/14. Let u = 73 + q. Calculate the highest common divisor of u and 95.
19
Suppose -3*g - 52 = -4*q - 12, 5*q - 2*g - 50 = 0. Calculate the highest common divisor of q and 90.
10
Let z = 140 - -36. Calculate the highest common factor of z and 16.
16
Let n = 14 - 1. What is the highest common factor of n and 13?
13
Let h = -2 - -14. What is the greatest common factor of 18 and h?
6
Let w(q) = q**2 + 7*q + 3. Let x = -23 - -16. Let h be w(x). Suppose -2*y - 23 = -h*d, -3*d + y + 4 = -18. What is the greatest common divisor of 35 and d?
7
Let a = -2 + 0. Let p = -3 - a. Let x be -2 - (p - 25/1). What is the highest common factor of 60 and x?
12
Suppose -3 + 1 = o. Let a be 4 + o/(0 + 1). Suppose 2*n - 226 = -4*w, -5*w = a*n - 3*w - 218. Calculate the greatest common factor of n and 21.
21
Suppose -o = w - 7, 3*o = -5*w + 29 + 16. Let b be (-1 + 2)/((-4)/(-48) - 0). Calculate the greatest common factor of b and w.
12
Let f be 2/6*3 + 55 + 0. What is the greatest common divisor of f and 56?
56
Let p(o) = -o + 2. Let x be p(4). Let t be 16 + 3 + (-5 - x). What is the greatest common factor of t and 2?
2
Let b be (-2 + (-20)/(-8))*2. What is the highest common divisor of 2 and b?
1
Suppose -4*j + 22 = -2. Let s be -10*j/(-4) + 1. Calculate the highest common divisor of 176 and s.
16
Let j(r) = r**3 + 5*r**2 - r. Let f be j(-5). Let q = f - -23. What is the highest common factor of 42 and q?
14
Let v = -3 - -12. Let g(u) = -2*u - 2. Let r be g(2). Let y be (2 - 5)/(2/r). Calculate the highest common factor of v and y.
9
Let j(t) = -t**3 + 4*t**2 + 2*t - 3. Let p be j(4). What is the highest common divisor of p and 5?
5
Let w(q) = 3*q**2 + 2*q - 31. Let b be w(-7). Calculate the greatest common divisor of 68 and b.
34
Suppose -5*l + 2*s + 3 = -243, -5*s = -4*l + 190. What is the greatest common divisor of 125 and l?
25
Suppose 14*i - 2*i = 1488. Calculate the highest common divisor of 4 and i.
4
Suppose 0 = 4*p - p - 5*c - 39, 2*c = -4*p + 26. Suppose -p*n + 672 = -2*n. Calculate the highest common divisor of 14 and n.
14
Let o = 34 - 32. Let b be (-312)/(-14) + (-2)/7. What is the highest common factor of b and o?
2
Suppose -16 - 10 = -5*p + f, 2*f = 8. Calculate the greatest common factor of 18 and p.
6
Let f be (-60)/(-1 + 5 - 5). What is the greatest common divisor of 30 and f?
30
Suppose 2*l - 6*l + 16 = 0. Let h be -1 + 21 - (-2)/2. Let i = h + -13. What is the highest common divisor of l and i?
4
Let n(v) = -2*v - 1. Let h be n(-3). Let c = -2 + 7. Let m be -1*1*(-15 + c). What is the highest common divisor of h and m?
5
Let y = -9 + 16. Let a(k) = -k**3 - 16*k**2 + 33*k - 47. Let m be a(-18). What is the greatest common factor of m and y?
7
Suppose -4*o + 40 = o. Calculate the greatest common factor of o and 24.
8
Let d = 22 - 16. Let u(i) = -i**3 - 3*i**2 + 2*i - 4. Let r be u(-4). What is the greatest common divisor of r and d?
2
Suppose -3*s - 37 = -631. Calculate the greatest common divisor of 22 and s.
22
Suppose 17*x - 12*x = 40. Suppose 3*y - 29 = 2*m, 5*y + 0*m - 55 = 5*m. Suppose -t + y = -1. What is the greatest common divisor of x and t?
8
Suppose -5*t + 36 = -3*g, t + 5 = g + 5*t. Let h = g - -24. Suppose -73 - h = -5*m - p, 36 = 2*m + 2*p. What is the greatest common divisor of 54 and m?
18
Let i = 44 + -14. What is the highest common factor of 5 and i?
5
Let i(m) = 2*m**2 + 2*m + 1. Let b be i(-1). Suppose 2*u = h - 3*h - 2, -4*u - h = -5. Calculate the highest common divisor of u and b.
1
Suppose -3*i + k + 12 = i, 9 = 3*i - k. Calculate the highest common factor of i and 1.
1
Suppose 2*w - 5 - 5 = 0. What is the highest common divisor of w and 55?
5
Let t(h) = 4*h - 13. Let a be t(7). What is the greatest common factor of a and 6?
3
Let x = -1 - -1. Suppose -10 = -q - x*q. Let v = -17 + 47. Calculate the highest common factor of q and v.
10
Let b(i) = i**3 - 4*i**2 - i - 5. Let l be b(5). What is the highest common divisor of 15 and l?
15
Let o(n) = n**3 - n**2. Let r